 2*w. Let l(j) = -j**2 - 4*j + 10. Let r be l(-7). Let c = r + 6. Give x(c).
-3
Let v(b) = b - 1. Let m(y) = -y. Let s(w) = -w + 4. Let t(u) = -6*m(u) + s(u). Let a(x) = -t(x) - 4*v(x). Calculate a(1).
-9
Let d = -154 - -148. Let s(l) = l**2 + 3*l + 6. What is s(d)?
24
Let q(d) = 3 + 0*d - 4*d - 5 + 5*d + d**2. Suppose -2 = 3*n + 3*x + 31, -2*n + x = 7. Let c = n + 8. Calculate q(c).
4
Let z(d) = d**3 + 5*d**2 - 7*d - 3. Suppose i = 6*i + 30. Give z(i).
3
Let y(o) = -o**2 - 12*o - 7. Let v be y(-11). Suppose 2*h = v*h - 2. Let i(r) = 0 - r**2 + 3*r**3 + r + 0*r**2 - 1. What is i(h)?
2
Suppose a + 2 = 50. Suppose 24 = -3*s + 4*m + 86, -m = -2*s + a. Let u be (-4)/s + 4/26. Let r(k) = k - 10. Determine r(u).
-10
Let r(a) = 2*a - 2. Let o be 36/(-8)*6/(-9). Determine r(o).
4
Let c be ((-12)/(-30))/((-2)/10). Let b(s) be the second derivative of -s**4/12 - s**3/3 - s**2 + 2*s. Calculate b(c).
-2
Let y = 1 - 0. Let l(w) = -2*w**2 + 4*w - 7. Let s(c) = -c**2 + 2*c - 4. Let b = 11 - 8. Let m(d) = b*l(d) - 5*s(d). Calculate m(y).
0
Suppose 5*v = -2*r - 14, 4*r + 16 = -3*v - r. Let j = v - -9. Suppose b + 0*b = -i - j, -2*b + 6 = -2*i. Let p(k) = -k**3 - 3*k**2 - 2*k + 1. Give p(b).
1
Let x be (-30)/75 - (-24)/10. Let d(w) = w**2 - 2*w - 1. What is d(x)?
-1
Let k(o) = -7*o**2 - 11*o + 1. Let h(w) = 20*w**2 + 32*w - 4. Let c(n) = -6*h(n) - 17*k(n). Let q = 8 + -13. What is c(q)?
7
Let k(q) be the first derivative of q**3/3 - 5*q**2/2 - q - 13. Calculate k(5).
-1
Let o = 10 + -3. Suppose -12 = -u - 3*d, -2*u + 20 = -2*d + o*d. Suppose u*w - 12 = 4*w. Let r(q) = -2*q - 2. Calculate r(w).
4
Suppose -83*k = -76*k - 28. Let g(z) = z**3 - 5*z**2 + 4*z - 1. Calculate g(k).
-1
Let y = -12 - -8. Let m(w) = w**2 + 2*w - 1. Let x(n) = -4*n**2 - 3*n + 1. Let i(k) = k**2. Let b(d) = -2*i(d) - x(d). Let s(j) = -2*b(j) + 5*m(j). Give s(y).
-3
Let k(q) = -5*q**2 + q - 6. Let m(f) = 14*f**2 - 3*f + 17. Let o(r) = 17*k(r) + 6*m(r). Determine o(-2).
-2
Suppose -t - 6 = 4*a, -4 = -a - 6. Let i(f) = 2*f**2 + f. What is i(t)?
10
Let z(y) = 4*y + 3. Let j(o) = -3*o - 2. Let d(r) = 5*j(r) + 4*z(r). Suppose 3*x = -4 - 2. Calculate d(x).
0
Let w(h) be the second derivative of -h**5/20 - h**4/6 + h**3/2 + 3*h**2/2 - 11*h. Let l be (2/(-6))/(4/24). Give w(l).
-3
Let q(m) be the third derivative of 3*m**2 + 0 + 0*m**3 + 0*m - 1/24*m**4. Determine q(-3).
3
Let h(d) be the third derivative of -4*d**2 - 1/2*d**3 + 1/6*d**4 + 0*d + 1/120*d**6 + 0 - 1/12*d**5. Calculate h(2).
-7
Let v(q) = 78*q**3 - 2*q - 69*q**3 + q + 1. Let a(n) = 2*n**3 - n**2 - n + 1. Let p be a(1). Calculate v(p).
9
Let o(f) = -10*f**2 - 6*f**2 + 1 - 2. Determine o(1).
-17
Let a be 0 - (-1 + 4) - 1. Let d(s) = -2*s**2 + s**2 + s**3 - 34*s + 4*s**2 + 5 + 32*s. Calculate d(a).
-3
Let j(t) = t - 1. Suppose 0 = 3*g - 6, 2*q - 5*g - 16 = -9*g. Calculate j(q).
3
Let g(a) = a**3 - 2*a**2 - 5*a + 1. Suppose -3*q + 0*q = -12. Determine g(q).
13
Let u(y) be the first derivative of -5*y**2/2 - y - 5. Let l be 34/(-5) + (-3)/15. Let z = -9 - l. Calculate u(z).
9
Let k(z) = z**2 - 6*z + 5. Suppose -5*s - 40 = -3*r, -5*s - 17 = r + 3. Suppose -2*w - w - 8 = 2*n, -r*n + 5*w = -30. Let j be n*3 - (-3)/(-3). Determine k(j).
0
Let o be (-2)/(38/14 - 3). Suppose 0 = y - 4*q - 17, 4*y + 5*q - o + 2 = 0. Let r(p) = -p**2 + 6*p + 2. Determine r(y).
7
Let y(w) = 8*w + 1. Let m be 18/(-135) + 26/(-30). What is y(m)?
-7
Let k(n) = n**3 + 7*n**2 + 5*n - 3. Let g be k(-6). Suppose g*w - 25 = 2. Suppose 2*z - z = 2*h + 13, z = h + w. Let f(i) = i**2 - 4*i - 1. Calculate f(z).
4
Let k(m) be the third derivative of -m**6/120 - 2*m**5/15 - m**4/4 - 23*m**2. Suppose 3*g = -g, a + 7 = 4*g. Give k(a).
-7
Let n(q) = -q**2 - q + 2. Let h(r) = -2*r + 1. Let z be h(-2). Let c = 8 - z. Suppose 2*v + a + 6 = 0, -16 = c*v + 3*a + 2*a. Give n(v).
0
Let k(t) = -t - 1. Let x(a) = -6*a. Let o be (2 - 1)/(7/(-35)). Let q(d) = o*k(d) + x(d). Calculate q(6).
-1
Let i(o) be the second derivative of -o**4/12 + o**3/6 + o**2/2 - 3*o. Let f(u) = 3*u**2 - 6*u - 6. Let g(j) = f(j) + 6*i(j). Let s = 0 - 1. Give g(s).
-3
Let l = 26 + -31. Let x(h) = 2 - 8*h - 6*h**2 + 2*h - h**3 + 2*h. What is x(l)?
-3
Let n(k) = k + 3. Suppose 4*c + 14 = 2*v, 2*v + 1 + 9 = 0. Give n(c).
-3
Let u(s) = s**3 - 6*s**2 - 3. Let k be (1 - 1)/(15/5). Suppose k = 2*o - 10 - 2. Calculate u(o).
-3
Let o(h) be the first derivative of -h**4/4 - 7*h**3/3 - 3*h**2/2 + 6*h + 18. What is o(-6)?
-12
Let y = -17 + 28. Suppose -2*m - 5*u - y = 0, -m - 2 - 2 = u. Let a(q) = 2*q + 0*q + 1 + 0*q. What is a(m)?
-5
Let d(t) = -t**3 + 6*t**2 + 2*t**3 - 235 + 232 + 4*t. What is d(-4)?
13
Let j = -11 + 20. Suppose 5*i - j = 6. Let l(q) = 0 - 4*q + 3 - 4*q**2 + 5*q**2. Give l(i).
0
Suppose -1 - 2 = -q. Let f = -1 - -2. Let a(x) = 3 - f - 3 + 2*x. Calculate a(q).
5
Let n = 15 - 10. Let a(u) = u**3 - 5*u**2 - u - 2. Calculate a(n).
-7
Let k = -6 + 6. Suppose 18 = 2*m - 4*j, 5*m + k*m = j + 18. Let z(n) = n**2 - 4*n - 4. Give z(m).
-7
Suppose 4*b - 2*b - 44 = 0. Let z be (-2)/(-8) + b/8. Let c(y) = -2*y**2 + 4*y - 1. Calculate c(z).
-7
Let u(k) = k**3 - 9*k**2 + 8*k. Let h be u(8). Let j be 6 + h + 0 + -2. Let f(p) = 3*p - 5*p + p + j. Give f(4).
0
Let j(q) = 5*q**2 - 4*q - 4. Let r(m) = -14*m**2 + 12*m + 11. Let d(b) = -17*j(b) - 6*r(b). Let u = 2 - 7. What is d(u)?
-3
Suppose 0 = -3*w - 12 + 3. Let b(d) be the first derivative of -1/3*d**3 - 2 + d - 3/2*d**2. What is b(w)?
1
Let b(g) = -g**3 - 14*g**2 + 16*g + 15. Let x be b(-15). Let s(z) = z - 14. What is s(x)?
-14
Let n(y) = y**2 - 9*y + 1. Let b be n(9). Let t(k) = -2*k**2 + k - 1. What is t(b)?
-2
Suppose -3*k = -1 - 11. Let p(f) = -3*f**3 - 8*f**2 + 4*f - 2. Let z(n) = -n**3 - 4*n**2 + 2*n - 1. Let t(m) = -2*p(m) + 5*z(m). Determine t(k).
7
Let l(a) = -a - 6. Let r be l(-8). Let u(o) = -o**3 + 2*o**2 - 3*o + 2. Determine u(r).
-4
Suppose -4*a = -28 + 16. Let q(p) = -p + 1. Let z(b) = -4*b + 10. Let l(c) = -3*q(c) + z(c). Calculate l(a).
4
Let f(p) be the second derivative of -p**4/12 + p**3/6 + 2*p**2 - 3*p. Calculate f(3).
-2
Suppose 0 = 3*j - 1 - 5. Suppose -2*n = j*n + 16. Let u(y) = -2*y**2 + y - 4. Let k(h) = -h**2 - 2. Let b(z) = 13*k(z) - 6*u(z). What is b(n)?
6
Let d = 20 + -33. Let b = 12 + d. Let v(r) = -5*r + 1. Determine v(b).
6
Let i(x) be the second derivative of x**3/3 - 3*x**2 - x. Let t be 2*(5/(-2))/(-1). What is i(t)?
4
Suppose 3*y = -3*n - 2*y - 13, -n + 5*y + 29 = 0. Suppose n*z + 18 = 3*w, 0 = 5*z + 16 - 1. Let d(q) = -2*q**2 + q**3 + 3*q**w - q + q**2. Determine d(-3).
-6
Let a(p) = -p**3 - 3*p**2 - p - 2. Let r be (10 + 41)*(-2)/(-6). Let q = r - 20. Determine a(q).
1
Let n(b) be the second derivative of -b**5/20 - 5*b**4/12 + 5*b**2/2 - 17*b. Give n(-4).
-11
Let y(t) be the second derivative of -t**4/12 + t**3 + t**2 - 9*t. What is y(7)?
-5
Suppose -12 + 52 = -4*s. Let g be (-2)/5*s/4. Let b(i) = -13*i**3 + i**2 + i - 1. Determine b(g).
-12
Let t(m) = -5 - 4 - 2*m**2 + 5 - 3*m + m**2. What is t(-5)?
-14
Let l(x) = -9*x - 12. Let v(c) = -2*c - 3. Suppose -20 = 3*a - 98. Let i(j) = a*v(j) - 6*l(j). Calculate i(5).
4
Let h(t) = -t - 7. Let a be 3 + (6/(-3) - 2). Let w = 1 + a. Determine h(w).
-7
Let k be (-87)/(-5) + (-9)/(-15). Suppose -k = 5*d + 7. Let v(x) = 2*x + 7. Calculate v(d).
-3
Let w be (2 - 3)/((-1)/(-4)). Let f be 5/(2*2/w). Let r(o) = -3*o**2 + 5*o + 4. Let p(m) = -m**2 + 2*m + 1. Let d(s) = -17*p(s) + 6*r(s). Give d(f).
2
Let z(k) be the third derivative of -k**5/15 + k**3/6 + 22*k**2. Calculate z(-1).
-3
Suppose 0 = -4*a + 2 + 6. Let r(m) = 2*m + 2. Determine r(a).
6
Suppose 3*r + g - 4 = 4*r, 4*g = 16. Let d(t) = 2*t**2 + 2*t + 1 + t**2 - 3 + r*t. Let j(n) = -2*n + 2. Let a be j(2). Determine d(a).
6
Let z be (0 + (-1)/(-2))*0. Suppose z = f - 2*h + 11, 2 = -3*f - h - 3. Let q(x) be the first derivative of x**2/2 - 3*x - 5. Determine q(f).
-6
Let f be (-1 - 16) + 1 + -1. Let a = f - -20. Let l(t) = -2*t**2 + 4*t - 2. Give l(a).
-8
Suppose 10 = 4*b - 14. Let c(u) = 3*u - 1. Let x(i) be the second derivative of -5*i**3/3 + 2*i**2 + 2*i. Let g(v) = 7*c(v) + 2*x(v). Calculate g(b).
7
Let q = 4 + -2. Let p(n) = -q*n + 4 - 1 + 2. What is p(5)?
-5
Suppose 5*g - 1 - 24 = -3*v, 5*v = -g + 5. Suppose 0*i = -g*i - 5*s, -3*i -